{"id":28,"date":"2020-06-21T09:31:47","date_gmt":"2020-06-21T09:31:47","guid":{"rendered":"http:\/\/forraspanzio.ro\/?page_id=28"},"modified":"2024-05-06T07:52:51","modified_gmt":"2024-05-06T07:52:51","slug":"szallas","status":"publish","type":"page","link":"https:\/\/forraspanzio.ro\/index.php\/szallas\/","title":{"rendered":"Sz\u00e1ll\u00e1s"},"content":{"rendered":"\t\t<div data-elementor-type=\"wp-page\" data-elementor-id=\"28\" class=\"elementor elementor-28\" data-elementor-settings=\"[]\">\n\t\t\t\t\t\t<div class=\"elementor-inner\">\n\t\t\t\t\t\t\t<div class=\"elementor-section-wrap\">\n\t\t\t\t\t\t\t<section class=\"elementor-section elementor-top-section elementor-element elementor-element-77383dc0 elementor-section-boxed elementor-section-height-default elementor-section-height-default\" data-id=\"77383dc0\" data-element_type=\"section\">\n\t\t\t\t\t\t<div class=\"elementor-container elementor-column-gap-default\">\n\t\t\t\t\t\t\t<div class=\"elementor-row\">\n\t\t\t\t\t<div class=\"elementor-column elementor-col-100 elementor-top-column elementor-element elementor-element-101b014d\" data-id=\"101b014d\" data-element_type=\"column\">\n\t\t\t<div class=\"elementor-column-wrap elementor-element-populated\">\n\t\t\t\t\t\t\t<div class=\"elementor-widget-wrap\">\n\t\t\t\t\t\t<div class=\"elementor-element elementor-element-990f84a elementor-nav-menu__align-center elementor-nav-menu--indicator-classic elementor-nav-menu--dropdown-tablet elementor-nav-menu__text-align-aside elementor-nav-menu--toggle elementor-nav-menu--burger elementor-widget elementor-widget-nav-menu\" data-id=\"990f84a\" data-element_type=\"widget\" data-settings=\"{&quot;layout&quot;:&quot;horizontal&quot;,&quot;toggle&quot;:&quot;burger&quot;}\" data-widget_type=\"nav-menu.default\">\n\t\t\t\t<div class=\"elementor-widget-container\">\n\t\t\t\t\t\t<nav role=\"navigation\" class=\"elementor-nav-menu--main elementor-nav-menu__container elementor-nav-menu--layout-horizontal e--pointer-underline e--animation-fade\"><ul id=\"menu-1-990f84a\" class=\"elementor-nav-menu\"><li class=\"menu-item menu-item-type-post_type menu-item-object-page menu-item-home menu-item-194\"><a href=\"https:\/\/forraspanzio.ro\/\" class=\"elementor-item\">Home<\/a><\/li>\n<li class=\"menu-item menu-item-type-post_type menu-item-object-page menu-item-199\"><a href=\"https:\/\/forraspanzio.ro\/index.php\/solgaltatasaink\/\" class=\"elementor-item\">Szolg\u00e1ltat\u00e1saink<\/a><\/li>\n<li class=\"menu-item menu-item-type-post_type menu-item-object-page menu-item-198\"><a href=\"https:\/\/forraspanzio.ro\/index.php\/szallas\/\" class=\"elementor-item\">Sz\u00e1ll\u00e1s<\/a><\/li>\n<li class=\"menu-item menu-item-type-post_type menu-item-object-page menu-item-195\"><a href=\"https:\/\/forraspanzio.ro\/index.php\/araink\/\" class=\"elementor-item\">\u00c1raink<\/a><\/li>\n<li class=\"menu-item menu-item-type-post_type menu-item-object-page menu-item-197\"><a href=\"https:\/\/forraspanzio.ro\/index.php\/kapcsolat\/\" class=\"elementor-item\">Kapcsolat<\/a><\/li>\n<li class=\"menu-item menu-item-type-post_type menu-item-object-page menu-item-196\"><a href=\"https:\/\/forraspanzio.ro\/index.php\/galeria\/\" class=\"elementor-item\">Gal\u00e9ria<\/a><\/li>\n<\/ul><\/nav>\n\t\t\t\t\t<div class=\"elementor-menu-toggle\" role=\"button\" tabindex=\"0\" aria-label=\"Menu Toggle\" aria-expanded=\"false\">\n\t\t\t<i class=\"eicon-menu-bar\" aria-hidden=\"true\"><\/i>\n\t\t\t<span class=\"elementor-screen-only\">Menu<\/span>\n\t\t<\/div>\n\t\t\t<nav class=\"elementor-nav-menu--dropdown elementor-nav-menu__container\" role=\"navigation\" aria-hidden=\"true\"><ul id=\"menu-2-990f84a\" class=\"elementor-nav-menu\"><li class=\"menu-item menu-item-type-post_type menu-item-object-page menu-item-home menu-item-194\"><a href=\"https:\/\/forraspanzio.ro\/\" class=\"elementor-item\">Home<\/a><\/li>\n<li class=\"menu-item menu-item-type-post_type menu-item-object-page menu-item-199\"><a href=\"https:\/\/forraspanzio.ro\/index.php\/solgaltatasaink\/\" class=\"elementor-item\">Szolg\u00e1ltat\u00e1saink<\/a><\/li>\n<li class=\"menu-item menu-item-type-post_type menu-item-object-page menu-item-198\"><a href=\"https:\/\/forraspanzio.ro\/index.php\/szallas\/\" class=\"elementor-item\">Sz\u00e1ll\u00e1s<\/a><\/li>\n<li class=\"menu-item menu-item-type-post_type menu-item-object-page menu-item-195\"><a href=\"https:\/\/forraspanzio.ro\/index.php\/araink\/\" class=\"elementor-item\">\u00c1raink<\/a><\/li>\n<li class=\"menu-item menu-item-type-post_type menu-item-object-page menu-item-197\"><a href=\"https:\/\/forraspanzio.ro\/index.php\/kapcsolat\/\" class=\"elementor-item\">Kapcsolat<\/a><\/li>\n<li class=\"menu-item menu-item-type-post_type menu-item-object-page menu-item-196\"><a href=\"https:\/\/forraspanzio.ro\/index.php\/galeria\/\" class=\"elementor-item\">Gal\u00e9ria<\/a><\/li>\n<\/ul><\/nav>\n\t\t\t\t<\/div>\n\t\t\t\t<\/div>\n\t\t\t\t\t\t<\/div>\n\t\t\t\t\t<\/div>\n\t\t<\/div>\n\t\t\t\t\t\t\t\t<\/div>\n\t\t\t\t\t<\/div>\n\t\t<\/section>\n\t\t\t\t<section class=\"elementor-section elementor-top-section elementor-element elementor-element-6418940 elementor-section-boxed elementor-section-height-default elementor-section-height-default\" data-id=\"6418940\" data-element_type=\"section\">\n\t\t\t\t\t\t<div class=\"elementor-container elementor-column-gap-default\">\n\t\t\t\t\t\t\t<div class=\"elementor-row\">\n\t\t\t\t\t<div class=\"elementor-column elementor-col-100 elementor-top-column elementor-element elementor-element-aff809e\" data-id=\"aff809e\" data-element_type=\"column\">\n\t\t\t<div class=\"elementor-column-wrap elementor-element-populated\">\n\t\t\t\t\t\t\t<div class=\"elementor-widget-wrap\">\n\t\t\t\t\t\t<div class=\"elementor-element elementor-element-dbd9006 elementor-arrows-position-inside elementor-widget elementor-widget-image-carousel\" data-id=\"dbd9006\" data-element_type=\"widget\" data-settings=\"{&quot;navigation&quot;:&quot;arrows&quot;,&quot;autoplay_speed&quot;:3500,&quot;autoplay&quot;:&quot;yes&quot;,&quot;pause_on_hover&quot;:&quot;yes&quot;,&quot;pause_on_interaction&quot;:&quot;yes&quot;,&quot;infinite&quot;:&quot;yes&quot;,&quot;speed&quot;:500}\" data-widget_type=\"image-carousel.default\">\n\t\t\t\t<div class=\"elementor-widget-container\">\n\t\t\t\t\t<div class=\"elementor-image-carousel-wrapper swiper-container\" dir=\"ltr\">\n\t\t\t<div class=\"elementor-image-carousel swiper-wrapper\">\n\t\t\t\t<div class=\"swiper-slide\"><figure class=\"swiper-slide-inner\"><img decoding=\"async\" class=\"swiper-slide-image\" src=\"https:\/\/forraspanzio.ro\/wp-content\/uploads\/2020\/06\/2_0.jpg\" alt=\"forras panzio\" \/><\/figure><\/div><div class=\"swiper-slide\"><figure class=\"swiper-slide-inner\"><img decoding=\"async\" class=\"swiper-slide-image\" src=\"https:\/\/forraspanzio.ro\/wp-content\/uploads\/2020\/06\/3_0.jpg\" alt=\"forras panzio\" \/><\/figure><\/div><div class=\"swiper-slide\"><figure class=\"swiper-slide-inner\"><img decoding=\"async\" class=\"swiper-slide-image\" src=\"https:\/\/forraspanzio.ro\/wp-content\/uploads\/2020\/06\/1_0.jpg\" alt=\"forras panzio\" \/><\/figure><\/div>\t\t\t<\/div>\n\t\t\t\t\t\t\t\t\t\t\t\t\t\t\t\t<div class=\"elementor-swiper-button elementor-swiper-button-prev\">\n\t\t\t\t\t\t<i class=\"eicon-chevron-left\" aria-hidden=\"true\"><\/i>\n\t\t\t\t\t\t<span class=\"elementor-screen-only\">Previous<\/span>\n\t\t\t\t\t<\/div>\n\t\t\t\t\t<div class=\"elementor-swiper-button elementor-swiper-button-next\">\n\t\t\t\t\t\t<i class=\"eicon-chevron-right\" aria-hidden=\"true\"><\/i>\n\t\t\t\t\t\t<span class=\"elementor-screen-only\">Next<\/span>\n\t\t\t\t\t<\/div>\n\t\t\t\t\t\t\t\t\t<\/div>\n\t\t\t\t<\/div>\n\t\t\t\t<\/div>\n\t\t\t\t\t\t<\/div>\n\t\t\t\t\t<\/div>\n\t\t<\/div>\n\t\t\t\t\t\t\t\t<\/div>\n\t\t\t\t\t<\/div>\n\t\t<\/section>\n\t\t\t\t<section class=\"elementor-section elementor-top-section elementor-element elementor-element-814e85e elementor-section-boxed elementor-section-height-default elementor-section-height-default\" data-id=\"814e85e\" data-element_type=\"section\">\n\t\t\t\t\t\t<div class=\"elementor-container elementor-column-gap-default\">\n\t\t\t\t\t\t\t<div class=\"elementor-row\">\n\t\t\t\t\t<div class=\"elementor-column elementor-col-100 elementor-top-column elementor-element elementor-element-4ee69a3\" data-id=\"4ee69a3\" data-element_type=\"column\">\n\t\t\t<div class=\"elementor-column-wrap elementor-element-populated\">\n\t\t\t\t\t\t\t<div class=\"elementor-widget-wrap\">\n\t\t\t\t\t\t<div class=\"elementor-element elementor-element-ada1a7a elementor-widget elementor-widget-spacer\" data-id=\"ada1a7a\" data-element_type=\"widget\" data-widget_type=\"spacer.default\">\n\t\t\t\t<div class=\"elementor-widget-container\">\n\t\t\t\t\t<div class=\"elementor-spacer\">\n\t\t\t<div class=\"elementor-spacer-inner\"><\/div>\n\t\t<\/div>\n\t\t\t\t<\/div>\n\t\t\t\t<\/div>\n\t\t\t\t<div class=\"elementor-element elementor-element-e0288b5 elementor-widget elementor-widget-text-editor\" data-id=\"e0288b5\" data-element_type=\"widget\" data-widget_type=\"text-editor.default\">\n\t\t\t\t<div class=\"elementor-widget-container\">\n\t\t\t\t\t\t\t\t<div class=\"elementor-text-editor elementor-clearfix\">\n\t\t\t\t\t<p><em><strong>Szeretettel v\u00e1rjuk csal\u00e1dias panzi\u00f3nkban, ahol k\u00e9t-, h\u00e1rom- illetve n\u00e9gyszem\u00e9lyes szob\u00e1ink mindegyike saj\u00e1t f\u00fcrd\u0151szob\u00e1val, h\u0171t\u0151szekr\u00e9nnyel felszerelt, hogy \u00d6nnek min\u00e9l k\u00e9nyelmesebbek legyenek az itt elt\u00f6lt\u00f6tt napjai.<\/strong> Fedezze fel Korond var\u00e1zslatos vil\u00e1g\u00e1t, mik\u00f6zben a Forr\u00e1s Panzi\u00f3 otthonos k\u00f6rnyezet\u00e9ben pihen. Szob\u00e1ink nem csup\u00e1n a k\u00e9nyelmet szolg\u00e1lj\u00e1k, de t\u00fckr\u00f6zik a vid\u00e9k gazdag kultur\u00e1lis \u00f6r\u00f6ks\u00e9g\u00e9t is.<\/em><\/p><p><em>Reggelente b\u0151s\u00e9ges, helyi alapanyagokb\u00f3l k\u00e9sz\u00fclt reggelivel v\u00e1rjuk, hogy energikusan induljon a nap. A panzi\u00f3 saj\u00e1t kertj\u00e9ben pihenhet, \u00e9lvezheti a friss leveg\u0151t, vagy ak\u00e1r grillezhet is bar\u00e1taival \u00e9s csal\u00e1dj\u00e1val. A k\u00f6zelben tal\u00e1lhat\u00f3 hagyom\u00e1nyos k\u00e9zm\u0171ves boltok \u00e9s m\u0171helyek megtekint\u00e9se mellett sz\u00e1mos kir\u00e1ndul\u00e1si lehet\u0151s\u00e9g is k\u00edn\u00e1lkozik a term\u00e9szetj\u00e1r\u00f3k sz\u00e1m\u00e1ra.<\/em><\/p><p><em>Legyen sz\u00f3 egy h\u00e9tv\u00e9gi kikapcsol\u00f3d\u00e1sr\u00f3l, vagy hosszabb pihen\u00e9sr\u0151l, a Forr\u00e1s Panzi\u00f3 t\u00f6k\u00e9letes v\u00e1laszt\u00e1s. N\u00e1lunk \u00d6n is otthon \u00e9rezheti mag\u00e1t, mik\u00f6zben Erd\u00e9ly sz\u00edv\u00e9nek minden sz\u00e9ps\u00e9g\u00e9t felfedezheti.\u00a0<\/em><\/p><p><em>V\u00e1rjuk szeretettel!<\/em><\/p>\t\t\t\t\t<\/div>\n\t\t\t\t\t\t<\/div>\n\t\t\t\t<\/div>\n\t\t\t\t\t\t<\/div>\n\t\t\t\t\t<\/div>\n\t\t<\/div>\n\t\t\t\t\t\t\t\t<\/div>\n\t\t\t\t\t<\/div>\n\t\t<\/section>\n\t\t\t\t\t\t<\/div>\n\t\t\t\t\t\t<\/div>\n\t\t\t\t\t<\/div>\n\t\t","protected":false},"excerpt":{"rendered":"<p>Previous Next Szeretettel v\u00e1rjuk csal\u00e1dias panzi\u00f3nkban, ahol k\u00e9t-, h\u00e1rom- illetve n\u00e9gyszem\u00e9lyes szob\u00e1ink mindegyike saj\u00e1t f\u00fcrd\u0151szob\u00e1val, h\u0171t\u0151szekr\u00e9nnyel felszerelt, hogy \u00d6nnek min\u00e9l k\u00e9nyelmesebbek legyenek az itt elt\u00f6lt\u00f6tt napjai. Fedezze fel Korond var\u00e1zslatos vil\u00e1g\u00e1t, mik\u00f6zben a Forr\u00e1s Panzi\u00f3 otthonos k\u00f6rnyezet\u00e9ben pihen. Szob\u00e1ink nem csup\u00e1n a k\u00e9nyelmet szolg\u00e1lj\u00e1k, de t\u00fckr\u00f6zik a vid\u00e9k gazdag kultur\u00e1lis \u00f6r\u00f6ks\u00e9g\u00e9t is. Reggelente b\u0151s\u00e9ges, helyi alapanyagokb\u00f3l k\u00e9sz\u00fclt reggelivel v\u00e1rjuk, hogy &hellip; <\/p>\n","protected":false},"author":1,"featured_media":0,"parent":0,"menu_order":0,"comment_status":"closed","ping_status":"closed","template":"","meta":{"footnotes":""},"class_list":["post-28","page","type-page","status-publish","hentry"],"_links":{"self":[{"href":"https:\/\/forraspanzio.ro\/index.php\/wp-json\/wp\/v2\/pages\/28","targetHints":{"allow":["GET"]}}],"collection":[{"href":"https:\/\/forraspanzio.ro\/index.php\/wp-json\/wp\/v2\/pages"}],"about":[{"href":"https:\/\/forraspanzio.ro\/index.php\/wp-json\/wp\/v2\/types\/page"}],"author":[{"embeddable":true,"href":"https:\/\/forraspanzio.ro\/index.php\/wp-json\/wp\/v2\/users\/1"}],"replies":[{"embeddable":true,"href":"https:\/\/forraspanzio.ro\/index.php\/wp-json\/wp\/v2\/comments?post=28"}],"version-history":[{"count":3,"href":"https:\/\/forraspanzio.ro\/index.php\/wp-json\/wp\/v2\/pages\/28\/revisions"}],"predecessor-version":[{"id":249,"href":"https:\/\/forraspanzio.ro\/index.php\/wp-json\/wp\/v2\/pages\/28\/revisions\/249"}],"wp:attachment":[{"href":"https:\/\/forraspanzio.ro\/index.php\/wp-json\/wp\/v2\/media?parent=28"}],"curies":[{"name":"wp","href":"https:\/\/api.w.org\/{rel}","templated":true}]}}